{"id":2,"date":"2016-05-10T03:48:21","date_gmt":"2016-05-10T03:48:21","guid":{"rendered":"http:\/\/be-di.de\/?page_id=2"},"modified":"2019-10-14T11:22:14","modified_gmt":"2019-10-14T11:22:14","slug":"sample-page","status":"publish","type":"page","link":"https:\/\/bedismus.de\/?page_id=2","title":{"rendered":"\u00dcber Bedismus"},"content":{"rendered":"<p>40 Jahre alt, Mittelstadtbewohner im Rheinland, P\u00e4dagoge und Journalist, schlecht im Netzwerken aus taktischen Motiven, sondern aus Spa\u00df am und \u00fcber Menschen. Schwul. Hundebesitzer.<\/p>\n","protected":false},"excerpt":{"rendered":"<p>40 Jahre alt, Mittelstadtbewohner im Rheinland, P\u00e4dagoge und Journalist, schlecht im Netzwerken aus taktischen Motiven, sondern aus Spa\u00df am und \u00fcber Menschen. Schwul. Hundebesitzer.<\/p>\n","protected":false},"author":1,"featured_media":73,"parent":0,"menu_order":0,"comment_status":"closed","ping_status":"closed","template":"","meta":{"footnotes":""},"class_list":["post-2","page","type-page","status-publish","has-post-thumbnail","hentry"],"_links":{"self":[{"href":"https:\/\/bedismus.de\/index.php?rest_route=\/wp\/v2\/pages\/2","targetHints":{"allow":["GET"]}}],"collection":[{"href":"https:\/\/bedismus.de\/index.php?rest_route=\/wp\/v2\/pages"}],"about":[{"href":"https:\/\/bedismus.de\/index.php?rest_route=\/wp\/v2\/types\/page"}],"author":[{"embeddable":true,"href":"https:\/\/bedismus.de\/index.php?rest_route=\/wp\/v2\/users\/1"}],"replies":[{"embeddable":true,"href":"https:\/\/bedismus.de\/index.php?rest_route=%2Fwp%2Fv2%2Fcomments&post=2"}],"version-history":[{"count":5,"href":"https:\/\/bedismus.de\/index.php?rest_route=\/wp\/v2\/pages\/2\/revisions"}],"predecessor-version":[{"id":86,"href":"https:\/\/bedismus.de\/index.php?rest_route=\/wp\/v2\/pages\/2\/revisions\/86"}],"wp:featuredmedia":[{"embeddable":true,"href":"https:\/\/bedismus.de\/index.php?rest_route=\/wp\/v2\/media\/73"}],"wp:attachment":[{"href":"https:\/\/bedismus.de\/index.php?rest_route=%2Fwp%2Fv2%2Fmedia&parent=2"}],"curies":[{"name":"wp","href":"https:\/\/api.w.org\/{rel}","templated":true}]}}